ousands digit of 930298?
3
What is the units digit of 8759912?
2
What is the tens digit of 7050399?
9
What is the millions digit of 6579544?
6
What is the hundreds digit of 13702112?
1
What is the units digit of 830040?
0
What is the tens digit of 95148?
4
What is the millions digit of 2536461?
2
What is the units digit of 839352?
2
What is the tens digit of 894840?
4
What is the hundred thousands digit of 17641195?
6
What is the thousands digit of 1538365?
8
What is the ten millions digit of 29533609?
2
What is the ten millions digit of 10857429?
1
What is the millions digit of 34637900?
4
What is the hundreds digit of 818528?
5
What is the ten thousands digit of 2364121?
6
What is the units digit of 1251879?
9
What is the hundred thousands digit of 253772?
2
What is the hundreds digit of 1517088?
0
What is the millions digit of 12008758?
2
What is the millions digit of 1545664?
1
What is the hundred thousands digit of 7030744?
0
What is the units digit of 219610?
0
What is the tens digit of 5619217?
1
What is the units digit of 2300547?
7
What is the hundred thousands digit of 233916?
2
What is the units digit of 22608?
8
What is the hundreds digit of 10391510?
5
What is the ten thousands digit of 752480?
5
What is the tens digit of 7560107?
0
What is the hundreds digit of 524220?
2
What is the tens digit of 3490232?
3
What is the units digit of 209838?
8
What is the units digit of 204460?
0
What is the millions digit of 23504364?
3
What is the ten thousands digit of 195734?
9
What is the tens digit of 34620?
2
What is the tens digit of 85761?
6
What is the millions digit of 1200982?
1
What is the millions digit of 5989311?
5
What is the millions digit of 5615257?
5
What is the millions digit of 1216144?
1
What is the units digit of 5391354?
4
What is the ten thousands digit of 2741658?
4
What is the millions digit of 3828156?
3
What is the hundreds digit of 6641009?
0
What is the tens digit of 10056448?
4
What is the hundreds digit of 17857?
8
What is the thousands digit of 27056?
7
What is the tens digit of 2684874?
7
What is the ten thousands digit of 2351531?
5
What is the millions digit of 2099916?
2
What is the hundred thousands digit of 313902?
3
What is the millions digit of 9245103?
9
What is the hundred thousands digit of 2152858?
1
What is the units digit of 1289569?
9
What is the ten thousands digit of 319372?
1
What is the millions digit of 11390973?
1
What is the units digit of 2464158?
8
What is the tens digit of 3379346?
4
What is the thousands digit of 13157756?
7
What is the tens digit of 2192580?
8
What is the ten thousands digit of 651615?
5
What is the units digit of 1220965?
5
What is the thousands digit of 1977971?
7
What is the units digit of 3277289?
9
What is the hundreds digit of 140735?
7
What is the thousands digit of 5623871?
3
What is the hundred thousands digit of 9955689?
9
What is the tens digit of 11503520?
2
What is the units digit of 25516623?
3
What is the millions digit of 7813293?
7
What is the tens digit of 10871517?
1
What is the ten thousands digit of 1759923?
5
What is the hundred thousands digit of 402985?
4
What is the ten thousands digit of 273621?
7
What is the hundreds digit of 154227?
2
What is the units digit of 3130639?
9
What is the hundred thousands digit of 3189911?
1
What is the tens digit of 21990152?
5
What is the thousands digit of 100647?
0
What is the thousands digit of 30528?
0
What is the hundred thousands digit of 631342?
6
What is the millions digit of 2901221?
2
What is the hundred thousands digit of 784422?
7
What is the tens digit of 18661?
6
What is the hundred thousands digit of 6553674?
5
What is the ten thousands digit of 1605362?
0
What is the millions digit of 1003284?
1
What is the thousands digit of 3754987?
4
What is the hundreds digit of 2291405?
4
What is the units digit of 137963?
3
What is the hundreds digit of 278553?
5
What is the tens digit of 1236671?
7
What is the units digit of 943711?
1
What is the units digit of 1390183?
3
What is the thousands digit of 119036?
9
What is the units digit of 87447?
7
What is the hundreds digit of 16839100?
1
What is the ten thousands digit of 22974410?
7
What is the ten thousands digit of 1599136?
9
What is the hundred thousands digit of 190682?
1
What is the tens digit of 113821?
2
What is the thousands digit of 1463987?
3
What is the units digit of 14112441?
1
What is the thousands digit of 580577?
0
What is the units digit of 20914005?
5
What is the hundreds digit of 12762824?
8
What is the hundred thousands digit of 101314?
1
What is the ten thousands digit of 13150103?
5
What is the units digit of 2402611?
1
What is the thousands digit of 8252954?
2
What is the hundreds digit of 7406898?
8
What is the thousands digit of 2605209?
5
What is the hundreds digit of 287187?
1
What is the thousands digit of 208874?
8
What is the units digit of 1235091?
1
What is the ten thousands digit of 1116112?
1
What is the hundreds digit of 850228?
2
What is the tens digit of 5325089?
8
What is the tens digit of 41944?
4
What is the tens digit of 1330074?
7
What is the thousands digit of 2745076?
5
What is the hundreds digit of 23059?
0
What is the hundred thousands digit of 883893?
8
What is the tens digit of 237560?
6
What is the units digit of 856597?
7
What is the units digit of 213130?
0
What is the hundred thousands digit of 3620139?
6
What is the tens digit of 32569273?
7
What is the ten thousands digit of 5551500?
5
What is the tens digit of 107994?
9
What is the hundreds digit of 6742381?
3
What is the hundred thousands digit of 6133191?
1
What is the units digit of 5082136?
6
What is the hundred thousands digit of 287924?
2
What is the tens digit of 266279?
7
What is the tens digit of 3523399?
9
What is the tens digit of 50175?
7
What is the thousands digit of 284485?
4
What is the units digit of 3933108?
8
What is the ten thousands digit of 1614767?
1
What is the units digit of 5388820?
0
What is the units digit of 146350?
0
What is the millions digit of 2171024?
2
What is the hundreds digit of 1273334?
3
What is the hundreds digit of 540526?
5
What is the hundred thousands digit of 341159?
3
What is the hundred thousands digit of 171832?
1
What is the units digit of 7660594?
4
What is the hundreds digit of 726415?
4
What is the ten thousands digit of 21479?
2
What is the thousands digit of 129437?
9
What is the thousands digit of 2128337?
8
What is the hundreds digit of 19109812?
8
What is the hundreds digit of 19226397?
3
What is the units digit of 4414286?
6
What is the millions digit of 34707511?
4
What is the hundred thousands digit of 140256?
1
What is the tens digit of 245630?
3
What is the units digit of 429093?
3
What is the thousands digit of 6333926?
3
What is the units digit of 282700?
0
What is the tens digit of 396667?
6
What is the units digit of 17933260?
0
What is the tens digit of 853174?
7
What is the ten thousands digit of 3507925?
0
What is the tens digit of 241156?
5
What is the hundred thousands digit of 141115?
1
What is the thousands digit of 394058?
4
What is the thousands digit of 215691?
5
What is the hundred thousands digit of 3888603?
8
What is the units digit of 274729?
9
What is the hundreds digit of 9855788?
7
What is the ten thousands digit of 47747?
4
What is the hundred thousands digit of 591139?
5
What is the hundred thousands digit of 566716?
5
What is the hundred thousands digit of 9865553?
8
What is the hundreds digit of 113367?
3
What is the units digit of 371449?
9
What is the hundreds digit of 1829216?
2
What is the units digit of 11087735?
5
What is the ten thousands digit of 2275154?
7
What is the units digit of 635706?
6
What is the ten thousands digit of 10151321?
5
What is the units digit of 643569?
9
What is the ten thousands digit of 395505?
9
What is the thousands digit of 2292257?
2
What is the millions digit of 17757372?
7
What is the tens digit of 186639?
3
What is the thousands digit of 665696?
5
What is the hundreds digit of 7729700?
7
What is the hundreds digit of 507125?
1
What is the hundred thousands digit of 225059?
2
What is the units digit of 13597965?
5
What is the units digit of 183690?
0
What is the units digit of 1046285?
5
What is the hundreds digit of 3